is the highest common factor of 759 and 207?
69
What is the highest common divisor of 1 and 9601?
1
Calculate the greatest common factor of 118 and 31978.
118
Calculate the highest common divisor of 184 and 8.
8
Calculate the greatest common factor of 21 and 336.
21
Calculate the highest common factor of 52 and 169.
13
Calculate the highest common divisor of 30 and 65.
5
What is the greatest common divisor of 644 and 56?
28
What is the greatest common factor of 414 and 12?
6
What is the highest common factor of 282 and 12?
6
What is the greatest common divisor of 48 and 6?
6
What is the highest common divisor of 130 and 65?
65
Calculate the highest common divisor of 2864 and 32.
16
Calculate the greatest common divisor of 31 and 1643.
31
Calculate the greatest common divisor of 679 and 14.
7
What is the highest common divisor of 782 and 34?
34
What is the greatest common factor of 13514 and 699?
233
Calculate the greatest common factor of 840 and 63.
21
Calculate the highest common factor of 83 and 332.
83
Calculate the greatest common divisor of 4 and 11.
1
What is the highest common factor of 24 and 1352?
8
What is the highest common divisor of 43 and 731?
43
What is the highest common divisor of 76 and 13756?
76
Calculate the highest common divisor of 45 and 80.
5
What is the greatest common factor of 300 and 855?
15
Calculate the highest common factor of 164 and 451.
41
What is the greatest common factor of 324 and 540?
108
Calculate the highest common factor of 23 and 184.
23
What is the greatest common divisor of 9820 and 20?
20
What is the greatest common factor of 190 and 1862?
38
Calculate the greatest common divisor of 310 and 10.
10
Calculate the highest common divisor of 630 and 9345.
105
What is the highest common factor of 7 and 189?
7
Calculate the highest common factor of 1001 and 2912.
91
Calculate the greatest common factor of 496 and 682.
62
Calculate the highest common divisor of 234 and 8775.
117
What is the highest common factor of 82 and 6?
2
Calculate the greatest common divisor of 2088 and 24.
24
Calculate the highest common divisor of 1148 and 700.
28
Calculate the greatest common factor of 32 and 512.
32
What is the greatest common divisor of 88 and 99?
11
What is the greatest common factor of 18 and 423?
9
Calculate the highest common factor of 230 and 2875.
115
Calculate the greatest common factor of 1025 and 82.
41
What is the highest common divisor of 3210 and 30?
30
What is the highest common divisor of 46 and 670?
2
Calculate the highest common factor of 16 and 128.
16
What is the greatest common factor of 9880 and 19?
19
Calculate the greatest common factor of 12980 and 1888.
236
Calculate the highest common divisor of 173 and 1.
1
What is the highest common divisor of 7 and 20?
1
Calculate the highest common divisor of 273 and 1937.
13
What is the highest common factor of 110 and 24255?
55
Calculate the greatest common divisor of 7 and 917.
7
What is the highest common divisor of 21667 and 47?
47
Calculate the greatest common divisor of 640 and 1240.
40
What is the greatest common factor of 6687 and 27?
9
Calculate the highest common divisor of 32 and 328.
8
What is the highest common factor of 369 and 779?
41
What is the highest common factor of 1584 and 33?
33
What is the highest common factor of 80 and 130?
10
Calculate the greatest common factor of 1771 and 33.
11
Calculate the greatest common divisor of 1236 and 28737.
309
Calculate the greatest common divisor of 350 and 14.
14
Calculate the greatest common factor of 288 and 1926.
18
What is the highest common factor of 294 and 42?
42
Calculate the highest common divisor of 113 and 6215.
113
What is the greatest common factor of 4 and 1076?
4
What is the greatest common divisor of 517 and 209?
11
Calculate the greatest common divisor of 12 and 4848.
12
Calculate the greatest common factor of 12 and 256.
4
Calculate the highest common factor of 119 and 413.
7
What is the highest common divisor of 8 and 1336?
8
Calculate the highest common divisor of 14 and 2051.
7
What is the highest common factor of 6 and 78?
6
Calculate the highest common factor of 10600 and 400.
200
What is the highest common divisor of 128 and 4432?
16
What is the greatest common divisor of 120 and 210?
30
Calculate the highest common factor of 945 and 3375.
135
What is the highest common divisor of 55 and 2695?
55
What is the highest common divisor of 242 and 2882?
22
Calculate the greatest common divisor of 96 and 120.
24
Calculate the highest common divisor of 187 and 2601.
17
What is the highest common factor of 7440 and 105?
15
Calculate the greatest common divisor of 17 and 12427.
17
Calculate the highest common divisor of 147 and 11907.
147
Calculate the highest common factor of 1088 and 34.
34
What is the highest common factor of 28 and 119?
7
Calculate the highest common factor of 784 and 16.
16
What is the greatest common divisor of 71 and 7739?
71
What is the greatest common factor of 511 and 2993?
73
What is the greatest common factor of 551 and 19?
19
What is the highest common divisor of 280 and 1288?
56
What is the highest common divisor of 693 and 792?
99
Calculate the highest common factor of 14 and 56.
14
Calculate the greatest common factor of 902 and 82.
82
Calculate the highest common factor of 34 and 1003.
17
What is the highest common divisor of 172 and 731?
43
What is the highest common factor of 508 and 889?
127
What is the greatest common factor of 176 and 22?
22
What is the highest common divisor of 954 and 36?
18
What is the greatest common factor of 8830 and 10?
10
What is the highest common factor of 48 and 960?
48
What is the highest common divisor of 13076 and 56?
28
What is the highest common divisor of 144 and 10?
2
What is the highest common divisor of 25 and 4775?
25
Calculate the highest common divisor of 21 and 96.
3
What is the greatest common factor of 200 and 24?
8
What is the highest common divisor of 413 and 649?
59
What is the greatest common divisor of 55 and 38?
1
Calculate the greatest common divisor of 3110 and 110.
10
Calculate the highest common factor of 5 and 2810.
5
Calculate the greatest common divisor of 510 and 102.
102
What is the greatest common factor of 33 and 6380?
11
What is the greatest common divisor of 567 and 63?
63
What is the greatest common factor of 7971 and 6?
3
Calculate the greatest common divisor of 26 and 754.
26
Calculate the highest common factor of 1067 and 814.
11
Calculate the highest common factor of 85 and 1105.
85
What is the greatest common divisor of 5486 and 26?
26
Calculate the greatest common divisor of 102 and 646.
34
What is the highest common divisor of 232 and 10150?
58
Calculate the highest common divisor of 102 and 935.
17
What is the highest common factor of 12516 and 42?
42
What is the greatest common factor of 25 and 275?
25
Calculate the greatest common factor of 165 and 561.
33
What is the greatest common factor of 1404 and 90?
18
What is the highest common divisor of 945 and 1701?
189
Calculate the greatest common factor of 151 and 1.
1
Calculate the greatest common factor of 860 and 1204.
172
Calculate the greatest common factor of 83 and 2573.
83
What is the highest common factor of 3085 and 5?
5
What is the highest common factor of 92 and 3197?
23
Calculate the greatest common factor of 5185 and 170.
85
What is the greatest common factor of 168 and 1358?
14
What is the greatest common divisor of 25 and 20?
5
What is the greatest common divisor of 248 and 14136?
248
Calculate the greatest common divisor of 237 and 48.
3
Calculate the greatest common factor of 944 and 208.
16
What is the highest common factor of 23 and 851?
23
What is the greatest common divisor of 10 and 35?
5
Calculate the greatest common divisor of 26 and 91.
13
What is the highest common factor of 285 and 95?
95
Calculate the highest common factor of 96 and 528.
48
What is the greatest common factor of 644 and 28?
28
What is the highest common divisor of 8428 and 56?
28
Calculate the greatest common divisor of 96 and 1032.
24
Calculate the highest common factor of 868 and 420.
28
Calculate the greatest common divisor of 945 and 1400.
35
Calculate the highest common divisor of 3585 and 60.
15
Calculate the grea